{"id":224,"date":"2020-06-30T15:42:00","date_gmt":"2020-06-30T18:42:00","guid":{"rendered":"https:\/\/www.livrariadocampus.com.br\/?post_type=product&#038;p=224"},"modified":"2024-11-26T18:01:55","modified_gmt":"2024-11-26T21:01:55","slug":"ventilacao-pulmonar-mecanica-em-neonatologia-e-pediatria-vol-1-2018-por-werther-brunow-de-carvalho","status":"publish","type":"product","link":"https:\/\/livrariadocampus.com.br\/loja\/produto\/ventilacao-pulmonar-mecanica-em-neonatologia-e-pediatria-vol-1-2018-por-werther-brunow-de-carvalho\/","title":{"rendered":"Ventila\u00e7\u00e3o pulmonar mec\u00e2nica em neonatologia e pediatria: VOL.1 2018 por Werther Brunow de Carvalho"},"content":{"rendered":"<p>O primeiro volume da Cole\u00e7\u00e3o Ventila\u00e7\u00e3o Mec\u00e2nica em Neonatologia e Pediatria \u00e9 um livro diferenciado, com caracter\u00edsticas especiais. Foi escrito exclusivamente por um \u00fanico autor, o Professor Werther Brunow de Carvalho, e cont\u00e9m uma linguagem did\u00e1tica simples, clara e concisa. O seu conte\u00fado apresenta temas de grande relev\u00e2ncia sobre o assunto e conceitos e pr\u00e1ticas atualizadas sobre o uso da ventila\u00e7\u00e3o mec\u00e2nica em todas as faixas et\u00e1rias, do rec\u00e9m-nascido \u00e0 crian\u00e7a, o que possibilita uma assist\u00eancia integral ao paciente. A publica\u00e7\u00e3o possui 20 cap\u00edtulos, pedagogicamente padronizados, com o intuito de facilitar a leitura e a consulta dos profissionais e estudantes durante o atendimento ao paciente. O livro foi produzido em cores, o que torna a sua leitura mais prazerosa e estimula os leitores a utilizarem com frequ\u00eancia esta obra editorial. O livro traz, al\u00e9m da excel\u00eancia de novos conhecimentos e pr\u00e1ticas relativas \u00e0 ventila\u00e7\u00e3o mec\u00e2nica em Neonatologia e Pediatria, uma inova\u00e7\u00e3o digital por meio de um conte\u00fado adicional relacionado com o livro e de interatividade com o autor, dispon\u00edvel no aplicativo da Editora dos Editores, que pode ser baixado nas lojas da App Store e Google Play.&#8221;<\/p>\n","protected":false},"excerpt":{"rendered":"<p>O primeiro volume da Cole\u00e7\u00e3o Ventila\u00e7\u00e3o Mec\u00e2nica em Neonatologia e Pediatria \u00e9 um livro diferenciado, com caracter\u00edsticas especiais. Foi escrito exclusivamente por um \u00fanico autor, o Professor Werther Brunow de Carvalho, e cont\u00e9m uma linguagem did\u00e1tica simples, clara e concisa. O seu conte\u00fado apresenta temas de grande relev\u00e2ncia sobre o assunto e conceitos e pr\u00e1ticas&hellip;&nbsp;<a href=\"https:\/\/livrariadocampus.com.br\/loja\/produto\/ventilacao-pulmonar-mecanica-em-neonatologia-e-pediatria-vol-1-2018-por-werther-brunow-de-carvalho\/\" class=\"\" rel=\"bookmark\">Continue a ler &raquo;<span class=\"screen-reader-text\">Ventila\u00e7\u00e3o pulmonar mec\u00e2nica em neonatologia e pediatria: VOL.1 2018 por Werther Brunow de Carvalho<\/span><\/a><\/p>\n","protected":false},"featured_media":225,"template":"","meta":{"neve_meta_sidebar":"","neve_meta_container":"","neve_meta_enable_content_width":"off","neve_meta_content_width":0,"neve_meta_title_alignment":"","neve_meta_author_avatar":"","neve_post_elements_order":"","neve_meta_disable_header":"","neve_meta_disable_footer":"","neve_meta_disable_title":"","_joinchat":[]},"product_brand":[],"product_cat":[24,54,25,56,55],"product_tag":[],"class_list":{"0":"post-224","1":"product","2":"type-product","3":"status-publish","4":"has-post-thumbnail","6":"product_cat-destaques","7":"product_cat-emergencias-e-pronto-socorro","8":"product_cat-lancamentos","9":"product_cat-pediatria","10":"product_cat-terapia-intensiva-adulto-e-pediatrico","12":"first","13":"instock","14":"sale","15":"shipping-taxable","16":"purchasable","17":"product-type-simple"},"jetpack_sharing_enabled":true,"_links":{"self":[{"href":"https:\/\/livrariadocampus.com.br\/loja\/wp-json\/wp\/v2\/product\/224","targetHints":{"allow":["GET"]}}],"collection":[{"href":"https:\/\/livrariadocampus.com.br\/loja\/wp-json\/wp\/v2\/product"}],"about":[{"href":"https:\/\/livrariadocampus.com.br\/loja\/wp-json\/wp\/v2\/types\/product"}],"wp:featuredmedia":[{"embeddable":true,"href":"https:\/\/livrariadocampus.com.br\/loja\/wp-json\/wp\/v2\/media\/225"}],"wp:attachment":[{"href":"https:\/\/livrariadocampus.com.br\/loja\/wp-json\/wp\/v2\/media?parent=224"}],"wp:term":[{"taxonomy":"product_brand","embeddable":true,"href":"https:\/\/livrariadocampus.com.br\/loja\/wp-json\/wp\/v2\/product_brand?post=224"},{"taxonomy":"product_cat","embeddable":true,"href":"https:\/\/livrariadocampus.com.br\/loja\/wp-json\/wp\/v2\/product_cat?post=224"},{"taxonomy":"product_tag","embeddable":true,"href":"https:\/\/livrariadocampus.com.br\/loja\/wp-json\/wp\/v2\/product_tag?post=224"}],"curies":[{"name":"wp","href":"https:\/\/api.w.org\/{rel}","templated":true}]}}